hat is the highest common factor of 246 and 791382?
246
What is the highest common divisor of 19 and 13463875?
19
Calculate the highest common factor of 12032 and 320.
64
Calculate the greatest common divisor of 1080 and 71640.
360
Calculate the greatest common factor of 1672 and 20558.
38
Calculate the highest common divisor of 21850 and 75525.
475
What is the greatest common factor of 388896 and 2?
2
Calculate the greatest common factor of 42 and 251601.
21
What is the highest common factor of 13023 and 267?
3
What is the greatest common divisor of 129 and 4171?
43
What is the highest common divisor of 1296 and 118098?
162
What is the greatest common divisor of 16 and 126176?
16
What is the highest common factor of 222 and 7881?
111
What is the highest common divisor of 822 and 299482?
274
What is the highest common factor of 1969 and 363?
11
What is the highest common factor of 10140 and 10?
10
What is the greatest common factor of 47844 and 72?
36
What is the highest common divisor of 37254 and 602?
14
Calculate the highest common divisor of 5421 and 533.
13
Calculate the greatest common divisor of 61 and 8111048.
61
Calculate the greatest common factor of 397 and 6120549.
397
Calculate the highest common divisor of 317272 and 72.
8
Calculate the highest common divisor of 1262720 and 256.
128
Calculate the highest common divisor of 1160 and 453096.
232
Calculate the greatest common factor of 1146 and 18718.
382
Calculate the highest common divisor of 48 and 3240780.
12
Calculate the highest common factor of 33280 and 775.
5
Calculate the highest common factor of 12952 and 3032.
8
What is the highest common factor of 594 and 44253?
297
Calculate the highest common factor of 91148 and 4.
4
What is the greatest common factor of 868 and 119133?
217
Calculate the highest common divisor of 163107 and 567.
189
What is the highest common divisor of 12 and 63?
3
Calculate the greatest common factor of 1466356 and 116.
116
Calculate the greatest common divisor of 1966950 and 108.
54
What is the highest common divisor of 4368 and 9100?
364
Calculate the highest common factor of 260 and 637910.
130
Calculate the highest common factor of 35170 and 60.
10
What is the highest common divisor of 77 and 59213?
77
Calculate the greatest common divisor of 1288 and 2851448.
184
Calculate the greatest common divisor of 79739 and 56015.
659
Calculate the greatest common factor of 153948 and 18.
6
What is the highest common divisor of 335661 and 1143?
381
Calculate the highest common factor of 2463231 and 29.
29
What is the highest common divisor of 1064 and 437?
19
What is the greatest common divisor of 17631 and 936?
9
What is the highest common divisor of 22 and 101629?
11
Calculate the greatest common divisor of 89902 and 6873.
79
What is the greatest common factor of 4743 and 24955?
31
Calculate the greatest common divisor of 29064 and 21.
21
Calculate the highest common factor of 16 and 43100.
4
Calculate the greatest common factor of 8 and 128180.
4
Calculate the greatest common factor of 191 and 157193.
191
What is the highest common factor of 20 and 71330?
10
What is the highest common factor of 1354 and 34?
2
What is the greatest common factor of 24 and 93108?
12
Calculate the greatest common factor of 378 and 692442.
54
What is the greatest common divisor of 720555 and 55?
55
Calculate the greatest common divisor of 44 and 120494.
22
What is the highest common factor of 24 and 19716?
12
What is the highest common factor of 600 and 3345?
15
What is the highest common divisor of 284 and 7526?
142
What is the highest common factor of 35733 and 688?
43
Calculate the highest common divisor of 56 and 1968806.
14
Calculate the greatest common factor of 2293787 and 53.
53
What is the highest common divisor of 34965 and 36?
9
Calculate the highest common factor of 11914 and 329.
7
What is the highest common factor of 36090 and 215?
5
What is the highest common factor of 26176 and 512?
64
What is the greatest common factor of 21 and 228483?
3
Calculate the greatest common factor of 105 and 3297.
21
What is the greatest common factor of 933391 and 1473?
491
Calculate the highest common divisor of 11745 and 441.
9
What is the highest common factor of 275 and 20?
5
Calculate the highest common divisor of 3423 and 5628.
21
What is the highest common factor of 492 and 69126?
246
Calculate the highest common factor of 16038 and 30822.
66
Calculate the greatest common divisor of 187 and 1230647.
187
What is the highest common factor of 18 and 43623?
9
Calculate the greatest common factor of 38019 and 29.
29
What is the greatest common factor of 170 and 2244765?
85
What is the greatest common factor of 32526 and 819?
117
What is the highest common divisor of 289648 and 4?
4
Calculate the greatest common divisor of 1824340 and 280.
140
Calculate the highest common divisor of 994 and 1526.
14
What is the highest common divisor of 1728 and 2048?
64
What is the highest common divisor of 2707805 and 67?
67
Calculate the highest common factor of 250 and 552425.
25
What is the highest common factor of 4161 and 2555?
73
What is the greatest common divisor of 10516 and 572?
44
What is the greatest common factor of 3056336 and 48?
16
Calculate the greatest common factor of 1008 and 816417.
63
What is the highest common divisor of 1600 and 1136?
16
What is the greatest common factor of 117743 and 57?
19
What is the highest common divisor of 109709 and 31?
31
What is the highest common divisor of 475 and 874?
19
Calculate the greatest common divisor of 176 and 5.
1
Calculate the greatest common divisor of 761 and 144590.
761
Calculate the greatest common divisor of 1059399 and 23001.
1353
What is the greatest common divisor of 1230 and 270?
30
What is the greatest common factor of 121603 and 439?
439
What is the greatest common factor of 45 and 200115?
45
What is the greatest common divisor of 9798 and 552?
138
What is the greatest common factor of 344 and 19909?
43
What is the greatest common factor of 27113 and 95?
19
Calculate the greatest common factor of 150 and 27330.
30
What is the greatest common divisor of 47029 and 5026?
359
Calculate the highest common factor of 288 and 57696.
96
What is the greatest common divisor of 5555 and 156651?
1111
Calculate the highest common divisor of 3 and 1911.
3
Calculate the highest common divisor of 1243120 and 2274.
758
What is the highest common divisor of 51027 and 1095?
219
Calculate the greatest common factor of 12672 and 27621.
99
What is the greatest common divisor of 315 and 3095?
5
Calculate the highest common factor of 1545 and 19055.
515
What is the greatest common factor of 483 and 41929?
23
What is the highest common divisor of 140 and 4309130?
70
What is the greatest common divisor of 63760 and 32?
16
Calculate the greatest common divisor of 32584 and 8.
8
What is the highest common divisor of 1958477 and 67?
67
Calculate the highest common factor of 1363 and 9773.
29
Calculate the greatest common divisor of 9024 and 142269.
141
What is the greatest common factor of 48 and 67836?
12
Calculate the greatest common divisor of 896536 and 16.
8
What is the highest common divisor of 48 and 39762?
6
Calculate the greatest common factor of 6560 and 1763.
41
Calculate the highest common divisor of 647 and 11646.
647
Calculate the greatest common factor of 3780 and 168.
84
What is the greatest common divisor of 672 and 1218000?
336
What is the highest common divisor of 10775198 and 301?
301
Calculate the highest common factor of 1222 and 1378.
26
What is the highest common divisor of 91 and 39468?
13
What is the highest common divisor of 64 and 1892064?
32
What is the highest common factor of 13755 and 435?
15
Calculate the greatest common factor of 23 and 207736.
23
Calculate the greatest common divisor of 215136 and 2808.
216
What is the highest common factor of 45 and 94200?
15
What is the greatest common divisor of 133 and 369493?
19
Calculate the greatest common factor of 1178 and 101029.
31
What is the highest common divisor of 32171 and 8639?
53
What is the highest common factor of 510701 and 57?
19
What is the highest common factor of 1134 and 15078?
42
What is the greatest common factor of 601587 and 4244?
1061
What is t